8962962?
False
Does 41 divide 2725114133?
False
Is 7 a factor of 1148844907?
True
Does 51 divide 2551020?
True
Is 31170069 a multiple of 83?
True
Is 5 a factor of 63053610?
True
Is 74460445 a multiple of 25?
False
Is 520 a factor of 64565283?
False
Is 168546780 a multiple of 101?
True
Is 202 a factor of 131592496?
True
Does 2874 divide 14752325?
False
Is 37853123 a multiple of 2275?
False
Is 131 a factor of 507643602?
True
Does 172 divide 2417425875?
False
Is 562561414 a multiple of 600?
False
Is 1857168750 a multiple of 625?
True
Does 28 divide 4584056?
False
Is 11 a factor of 38949722?
False
Does 138 divide 173723370?
True
Is 84 a factor of 35568624?
True
Is 81150216 a multiple of 228?
True
Does 13 divide 331564973?
False
Is 34896022 a multiple of 13?
False
Does 18 divide 67089?
False
Is 18308850 a multiple of 329?
True
Does 1949 divide 38442076?
True
Does 1845 divide 460535985?
True
Does 30 divide 1112690190?
True
Is 93 a factor of 53590440?
False
Is 139195475 a multiple of 3?
False
Does 9 divide 37893294?
True
Is 16862328 a multiple of 28?
True
Is 58 a factor of 749041299?
False
Is 6705 a factor of 440469550?
False
Does 158 divide 1165718154?
True
Is 380068596 a multiple of 2707?
False
Does 3027 divide 166730319?
False
Is 178632621 a multiple of 9?
True
Is 88450978 a multiple of 5?
False
Does 1960 divide 735374360?
True
Does 40 divide 11833731?
False
Does 170 divide 712279770?
True
Is 106871975 a multiple of 587?
False
Does 257 divide 3868777680?
False
Is 81006534 a multiple of 837?
True
Does 19 divide 180129419?
False
Does 60 divide 4760624040?
True
Does 610 divide 2948923?
False
Is 325 a factor of 17424550?
True
Is 3262230981 a multiple of 489?
True
Does 25 divide 12718949?
False
Is 42175529 a multiple of 11?
True
Is 23189261 a multiple of 143?
False
Is 455822272 a multiple of 793?
False
Is 32 a factor of 1484746174?
False
Is 44777991 a multiple of 2?
False
Is 1363040578 a multiple of 226?
True
Is 16 a factor of 5043595280?
True
Is 186038 a multiple of 3991?
False
Is 225584557 a multiple of 182?
False
Does 6 divide 18850344?
True
Does 44 divide 74312343?
False
Is 92617845 a multiple of 111?
True
Is 29 a factor of 515837050?
False
Is 3982658 a multiple of 10?
False
Is 54245930 a multiple of 10?
True
Is 66993389 a multiple of 1239?
False
Is 23299463 a multiple of 257?
False
Is 1100175446 a multiple of 18?
False
Does 132 divide 234455760?
True
Is 11 a factor of 598506357?
False
Is 119634256 a multiple of 688?
True
Is 100 a factor of 12965000?
True
Is 81 a factor of 6532974?
True
Does 22 divide 114149997?
False
Is 790 a factor of 585432649?
False
Is 21 a factor of 46534446?
True
Does 239 divide 659555874?
False
Does 20 divide 120201183?
False
Is 293 a factor of 118778098?
True
Is 928 a factor of 734434093?
False
Is 228129300 a multiple of 300?
True
Is 4845633 a multiple of 5?
False
Is 1697808087 a multiple of 27?
True
Does 759 divide 240871686?
True
Is 467703759 a multiple of 378?
False
Is 8 a factor of 150939208?
True
Is 23 a factor of 370309793?
False
Is 200002164 a multiple of 199?
True
Is 568252080 a multiple of 10?
True
Is 14167692 a multiple of 693?
True
Is 16703190 a multiple of 14?
True
Is 22531398 a multiple of 43?
True
Does 49 divide 286799433?
False
Is 15120131 a multiple of 23?
True
Does 5461 divide 221148656?
True
Is 39 a factor of 141901487?
False
Does 18 divide 61130808?
True
Is 34841166 a multiple of 9?
False
Is 222909576 a multiple of 10?
False
Is 24 a factor of 103296960?
True
Is 140 a factor of 5370616801?
False
Is 192346822 a multiple of 502?
True
Is 21 a factor of 24987711?
True
Is 31145988 a multiple of 515?
False
Does 399 divide 1811413858?
False
Is 7 a factor of 25822097?
True
Is 7 a factor of 203112815?
False
Is 84 a factor of 766317972?
True
Is 225 a factor of 107983973?
False
Is 79345573 a multiple of 656?
False
Is 82514848 a multiple of 52?
True
Does 18 divide 85493892?
False
Does 9 divide 91744219?
False
Is 994133988 a multiple of 4019?
False
Is 8 a factor of 4174919?
False
Is 214 a factor of 31813882?
True
Does 12 divide 690092041?
False
Is 61 a factor of 775398160?
False
Is 20 a factor of 4234971?
False
Is 61257832 a multiple of 23?
True
Is 13 a factor of 1209434681?
True
Is 5463169 a multiple of 5?
False
Does 63 divide 347352379?
False
Does 1235 divide 182208957?
False
Is 10168496 a multiple of 26?
True
Is 185 a factor of 164395422?
False
Is 528 a factor of 83505789?
False
Is 264685049 a multiple of 368?
False
Does 2174 divide 16025401?
False
Is 119 a factor of 85851717?
True
Is 62123726 even?
True
Is 174880530 a multiple of 45?
True
Does 644 divide 1024465540?
True
Is 1727 a factor of 154126526?
False
Is 16116 a multiple of 414?
False
Does 39 divide 2493075?
True
Is 24031404 a multiple of 918?
True
Is 115392168 a multiple of 513?
True
Is 4507 a factor of 34622774?
True
Is 44353548 a multiple of 4?
True
Is 654701815 a multiple of 157?
False
Is 10 a factor of 769997200?
True
Is 6 a factor of 73429479?
False
Is 72 a factor of 147298923?
False
Does 176 divide 79420528?
True
Does 125 divide 3692125?
True
Is 9114252 a multiple of 14?
True
Does 862 divide 56947986?
False
Does 134 divide 4038115484?
False
Is 94 a factor of 37746848?
False
Does 1580 divide 109819930?
False
Is 6259 a factor of 510965983?
True
Is 340 a factor of 66172333?
False
Is 21943168 a multiple of 208?
True
Does 48 divide 14416080?
True
Is 260446480 a multiple of 1840?
True
Is 57887760 a multiple of 937?
False
Does 5 divide 37449644?
False
Is 4 a factor of 7990919?
False
Is 1941 a factor of 118117614?
True
Is 14863552 a multiple of 43?
True
Does 169 divide 48903530?
True
Does 342 divide 450029934?
True
Is 9137660 a multiple of 107?
False
Is 835 a factor of 258854175?
True
Is 23976794 a multiple of 229?
False
Is 37421576 a multiple of 1032?
False
Is 137452176 a multiple of 72?
True
Is 219819468 a multiple of 33?
True
Is 26 a factor of 984279088?
True
Does 7 divide 32550777?
True
Is 20675280 a multiple of 48?
True
Is 1476 a factor of 90709010?
False
Is 39062735 a multiple of 5?
True
Is 10 a factor of 1687940973?
False
Does 38 divide 10292593?
False
Is 210666950 a multiple of 214?
True
Is 15 a factor of 284750310?
True
Is 260846736 a multiple of 61?
True
Is 18 a factor of 2295474354?
True
Is 2515563772 a multiple of 82?
False
Does 53 divide 107001458?
False
Is 96 a factor of 23404800?
True
Is 21160767 a multiple of 1686?
False
Is 152825538 a multiple of 3?
True
Does 1653 divide 1194289194?
True
Is 2797780986 a multiple of 2769?
True
Is 311445817 a multiple of 35?
False
Does 268 divide 68085554?
False
Is 9620355 a multiple of 15?
True
Does 142 divide 917178?
True
Is 27203863 a multiple of 144?
False
Does 223 divide 52339215?
True
Is 355189653 a multiple of 34?
False
Is 379 a factor of 682833309?
True
Does 72 divide 711266075?
False
Does 161 divide 540280277?
False
Does 14 divide 557529446?
False
Is 61 a factor of 1154691391?
False
Is 9468004 a multiple of 1767?
False
Is 35782552 a multiple of 136?
True
Does 16 divide 193717552?
True
Is 99 a factor of 20006118?
True
Is 45 a factor of 321114180?
False
Does 17 divide 3877722?
False
Does 14 divide 201580540?
True
Is 4346 a factor of 414369508?
False
Is 17 a factor of 112042894?
False
Does 74 divide 31669762?
False
Is 222 a factor of 32277263?
False
Is 578 a factor of 12827342?
False
Is 75487790 a multiple of 602?
True
Is 17 a factor of 1203654774?
True
Is 1770464304 a multiple of 57?
False
Does 16154 divide 3519155511?
False
Is 462817550 a multiple of 26?
True
Is 322100997 a multiple of 409?
True
Is 2208 a factor of 1458054101?
False
Is 26 a factor of 22044542?
True
Is 11873511 a multiple of 352?
False
Is 92 a factor of 59178724?
True
Is 133424578 a multiple of 1337?
True
Does 1084 divide 42589276?
True
Is 137 a factor of 241617173?
True
Does 28 divide 241498432?
True
Does 132 divide 20857716?
True
Is 3510 a factor of 3698286930?
True
Is 1284160 a multiple of 13?
False
Does 7100 divide 888303740?
False
Does 39 divide 6880419?
True
Is 3864 a factor of 894000711?
False
Is 19 a factor of 111733053?
True
Is 55150848 a multiple of 54?
True
Is 5 a factor of 292300?
True
Is 104 a factor of 503384440?
True
Is 19473772 a multiple of 68?
True
Does 3 divide 4863467?
False
Is 598056325 a multiple of 34?
False
Is